s 57 divide 530308215?
False
Does 682 divide 392442661?
False
Is 1344 a factor of 51768192?
True
Does 9 divide 24365025?
True
Is 1039 a factor of 17720206?
False
Is 19 a factor of 63053091?
False
Is 12 a factor of 88121290?
False
Is 18 a factor of 1051849477?
False
Is 4658 a factor of 2638519442?
True
Is 80026857 a multiple of 2157?
True
Does 36 divide 1029556405?
False
Is 34 a factor of 2126734?
True
Is 1638 a factor of 74382106?
False
Is 33325600 a multiple of 1400?
True
Does 14 divide 2367546473?
False
Does 66 divide 4856047?
False
Is 512 a factor of 151494144?
True
Does 34 divide 576466668?
True
Is 942740256 a multiple of 86?
True
Is 7609237 a multiple of 311?
True
Does 7 divide 7268737?
True
Is 53 a factor of 33875268?
True
Does 17 divide 1964402802?
True
Is 60 a factor of 15782880?
True
Is 2 a factor of 452110440?
True
Does 80 divide 12468880?
True
Is 161393000 a multiple of 1004?
True
Is 290258725 a multiple of 19?
True
Does 21 divide 17547282?
False
Is 512 a factor of 279645787?
False
Is 30 a factor of 228359520?
True
Is 1936501662 a multiple of 10834?
True
Is 942751524 a multiple of 204?
True
Is 9792524 a multiple of 19?
True
Does 86 divide 1760081762?
True
Does 1401 divide 654262597?
False
Is 7 a factor of 12122410?
False
Is 139102369 a multiple of 46?
False
Is 329714000 a multiple of 262?
False
Does 228 divide 23756232?
True
Is 162871317 a multiple of 21?
True
Is 2452540092 a multiple of 201?
True
Is 3458585 a multiple of 169?
True
Is 25 a factor of 111969134?
False
Is 13554960 a multiple of 26?
False
Does 310 divide 839496740?
True
Does 3 divide 2483616?
True
Is 3858 a factor of 3423446454?
True
Is 5658 a factor of 1434117163?
False
Is 575526912 a multiple of 601?
False
Is 42 a factor of 27745129?
False
Is 188940456 a multiple of 139?
False
Does 931 divide 79964521?
True
Does 533 divide 117582465?
True
Does 162 divide 636212421?
False
Is 66 a factor of 93130290?
True
Does 4 divide 31340232?
True
Does 146 divide 2039908?
False
Does 743 divide 74974644?
True
Is 123 a factor of 1784589?
False
Is 41 a factor of 80377541?
False
Is 1007 a factor of 792994069?
False
Is 45 a factor of 1267051682?
False
Is 488265138 a multiple of 18?
True
Is 2024185860 a multiple of 6?
True
Is 391402680 a multiple of 25?
False
Is 16662524 a multiple of 42?
False
Does 1619 divide 501945046?
True
Is 36 a factor of 274482468?
True
Does 11 divide 11127338?
False
Is 500072614 a multiple of 654?
False
Does 146 divide 503155336?
False
Does 77 divide 1101301817?
True
Is 3357 a factor of 2810210380?
False
Does 64 divide 14313199?
False
Is 10 a factor of 168721470?
True
Is 60092423 a multiple of 55?
False
Does 76 divide 45722208?
True
Is 2096688880 a multiple of 1736?
False
Is 61591212 a multiple of 18?
True
Does 1015 divide 38471545?
True
Does 99 divide 1582795368?
True
Is 131 a factor of 281557097?
False
Is 234800975 a multiple of 290?
False
Is 19 a factor of 1036100305?
True
Is 39605607 a multiple of 1394?
False
Does 2147 divide 274251339?
True
Is 7 a factor of 149383411?
False
Is 107453016 a multiple of 643?
True
Is 10 a factor of 1942072300?
True
Is 563084289 a multiple of 1569?
True
Does 5154 divide 214491651?
False
Does 31 divide 61300609?
True
Does 221 divide 1211068944?
False
Does 130 divide 73256950?
True
Is 50 a factor of 15797400?
True
Does 7756 divide 1774816627?
False
Does 1053 divide 2716348?
False
Is 5828454 a multiple of 8?
False
Is 256690297 a multiple of 509?
False
Is 67592070 a multiple of 630?
True
Is 135904860 a multiple of 195?
True
Is 106947306 a multiple of 51?
True
Does 3 divide 54191435?
False
Does 66 divide 449167950?
True
Does 7 divide 2017211?
True
Is 4639511 a multiple of 148?
False
Is 1057944349 a multiple of 3418?
False
Is 26 a factor of 19231134?
True
Is 8 a factor of 192696263?
False
Is 3293232 a multiple of 46?
True
Is 1872280880 a multiple of 16?
True
Does 1127 divide 2006379289?
False
Does 24 divide 160344960?
True
Does 25 divide 649462500?
True
Is 11578020 a multiple of 34?
True
Is 1755671973 a multiple of 33?
True
Does 300 divide 600016028?
False
Is 202 a factor of 138994143?
False
Is 16075546 a multiple of 1033?
True
Is 903292216 a multiple of 33?
False
Is 7 a factor of 547757654?
False
Is 81 a factor of 236017071?
True
Is 96 a factor of 175857004?
False
Does 123 divide 1281917070?
True
Is 1042614460 a multiple of 8380?
True
Is 3421262072 a multiple of 41?
False
Does 48 divide 261572640?
True
Does 476 divide 754904584?
True
Is 8 a factor of 275289600?
True
Is 26 a factor of 253866239?
False
Is 1644817 a multiple of 667?
False
Is 1993636064 a multiple of 112?
True
Is 527063152 a multiple of 616?
True
Is 1262 a factor of 57057544?
True
Does 113 divide 18744583?
False
Is 553 a factor of 19382968?
False
Is 359446101 a multiple of 1589?
True
Is 174 a factor of 1009059930?
True
Does 10 divide 1238012844?
False
Is 39 a factor of 1289481921?
True
Is 4230 a factor of 1427614208?
False
Is 45 a factor of 68115285?
True
Does 26 divide 47277778?
False
Is 7958416 a multiple of 19?
True
Is 444 a factor of 92402616?
True
Does 3 divide 191830760?
False
Is 4988750 a multiple of 50?
True
Is 526354400 a multiple of 4730?
True
Is 42984526 a multiple of 574?
False
Is 10424526 a multiple of 171?
False
Is 389147016 a multiple of 39?
False
Is 41 a factor of 38605764?
True
Is 434 a factor of 5700156?
True
Is 15934556 a multiple of 106?
True
Is 694503316 a multiple of 4082?
True
Is 50 a factor of 617611250?
True
Does 34 divide 119087788?
True
Is 12 a factor of 174336?
True
Does 134 divide 402683347?
False
Is 636320 a multiple of 16?
True
Is 7 a factor of 67997019?
False
Is 827 a factor of 4026777897?
False
Is 66265386 a multiple of 227?
True
Is 18 a factor of 39690592?
False
Does 35 divide 22344280?
True
Is 303765000 a multiple of 420?
True
Is 2399 a factor of 279304049?
False
Is 306 a factor of 1090537794?
True
Does 113 divide 562666563?
False
Is 11 a factor of 420567400?
True
Is 12465095 even?
False
Is 269196517 a multiple of 32?
False
Is 183 a factor of 259796499?
True
Does 70 divide 443847?
False
Does 504 divide 337516704?
True
Is 11938347 a multiple of 39?
False
Is 468666364 a multiple of 20?
False
Is 8207455 a multiple of 2?
False
Is 72 a factor of 903738960?
True
Is 16 a factor of 12361968?
True
Is 1868165444 a multiple of 49?
False
Is 916 a factor of 645346732?
True
Does 1474 divide 51414356?
False
Is 1441 a factor of 1992421750?
False
Is 80702832 a multiple of 8?
True
Does 396 divide 812487576?
False
Is 13127520 a multiple of 160?
True
Is 32368796 a multiple of 449?
False
Is 5395879105 a multiple of 785?
False
Is 120037548 a multiple of 115?
False
Is 25944738 a multiple of 1362?
True
Is 35560009 a multiple of 173?
False
Does 1060 divide 24075598?
False
Does 220 divide 45765943?
False
Does 48 divide 22089748?
False
Does 254 divide 450276522?
False
Is 5115172 even?
True
Does 36 divide 13168188?
True
Is 46 a factor of 682323686?
False
Does 177 divide 8396963?
False
Is 11 a factor of 11751223?
True
Is 45470590 a multiple of 110?
True
Is 372062294 a multiple of 1154?
True
Is 243 a factor of 20441646?
True
Is 231220128 a multiple of 102?
True
Is 19371282 a multiple of 1281?
True
Is 203 a factor of 678764556?
False
Does 5 divide 62535383?
False
Is 63025733 a multiple of 20?
False
Is 214 a factor of 12925172?
True
Is 356757132 a multiple of 13?
False
Is 380860326 a multiple of 703?
False
Is 236 a factor of 135002802?
False
Is 818003981 a multiple of 7336?
False
Does 35 divide 116200140?
True
Does 6 divide 100357528?
False
Does 2799 divide 3978831?
False
Is 5096 a factor of 652384824?
True
Is 69 a factor of 999704914?
False
Does 90 divide 20081434?
False
Is 9730380 a multiple of 33?
True
Is 14358839 a multiple of 111?
False
Is 178491553 a multiple of 11?
False
Does 5229 divide 213662169?
True
Does 1386 divide 455466912?
False
Is 401818353 a multiple of 73?
True
Is 168 a factor of 49644817?
False
Is 5841 a factor of 5299474798?
False
Does 28 divide 13266945?
False
Is 2 a factor of 97287172?
True
Does 5906 divide 677252897?
False
Does 157 divide 100759529?
False
Is 268342662 a multiple of 2063?
True
Is 7107936 a multiple of 4064?
True
Is 16585808 a multiple of 104?
False
Is 54655948 a multiple of 61?
False
Is 83 a factor of 336162035?
True
Is 10 a fa